 s(-9).
4
Let f(h) = 7*h**2 - 37*h + 19. Let s(i) = -8*i**2 + 38*i - 15. Let a(q) = 5*f(q) + 4*s(q). What is a(10)?
5
Let h(q) = 8*q**2 + q + 6. Let t be (-6)/(-9)*-1*(-63)/(-7). Let k(c) = -8*c**2 - c - 5. Let i(a) = t*k(a) - 5*h(a). What is i(-1)?
7
Let z = 10 - 7. Let a(h) = 5*h - 5*h**2 - 19*h**z + 12*h**3 + 6*h**3 - 1. Determine a(-6).
5
Let l(m) = 2*m. Suppose 12 - 16 = r. Calculate l(r).
-8
Suppose -26*u + 49 = -33*u. Let j(h) = 7 + 9*h + 7*h**2 + 3 - 6*h**2. Give j(u).
-4
Let m(v) be the second derivative of v**4/24 - v**3/3 + 5*v**2 + 8*v. Let t(y) be the first derivative of m(y). Let f = -3 - -3. Calculate t(f).
-2
Suppose -5*p + 2 + 1 = -2*x, -4*p = x - 31. Let u = 14 - x. Let s(w) = w**u - 4*w**2 + 5 - 3 + 0. Determine s(4).
2
Let q(w) = -w**2 + 5*w. Let l = 24 + -19. Suppose l*p - 11 = 5*h - 36, -h - 4*p = 0. Determine q(h).
4
Suppose n = 2*n - 5. Let l(x) = -2*x + n - 133*x**2 - 4 + 139*x**2. Calculate l(1).
5
Let g be ((-30)/(-9))/(5/(-30)*-4). Let x(d) = -d**3 - 5*d**2 + d + 5. Let n be x(-5). Let p(q) = q - 6 + n + q. Determine p(g).
4
Let y(s) = -s**3 - s + 5. Let a be y(0). Let i(b) = b - 55*b**2 - a + b**3 + 55*b**2. Give i(0).
-5
Let x(f) = 13*f - 1. Let g be x(1). Let a = -12 + g. Let t(z) = 2*z - 4*z + a*z + z. Determine t(-2).
2
Let g(w) be the second derivative of w**4/12 - w**3/3 - 3*w**2/2 + 273*w. Give g(4).
5
Let b = 364 + -372. Let z(k) = -14 - 8*k**2 - k**3 + 4 + 7 - 4*k. What is z(b)?
29
Let j(x) = -x**3 + x**2 + 4*x. Let y(c) be the third derivative of c**4/8 + c**3 - 2*c**2. Let v be y(4). Let z be (-4)/v - (-58)/18. Give j(z).
-6
Let g(d) be the third derivative of -d**8/20160 + d**7/1008 + d**6/120 + 7*d**5/30 - 5*d**2. Let u(o) be the third derivative of g(o). What is u(5)?
6
Let o = 2187 - 2175. Let t(j) = -4*j + 16. What is t(o)?
-32
Suppose 4*x - 40 = 14*w - 10*w, 3*x - 42 = 4*w. Let q(o) = o + 7. What is q(w)?
-5
Let i = 12 - 7. Let o(w) = w**3 + 3*w**2 - 7*w - 5. Let l be o(-4). Let x = i - l. Let f(d) = -2*d + 2. Determine f(x).
6
Let j be -2 + 4 + 5 + -2. Let w(c) = 0*c**2 + 11*c + 25*c - 2 - 29*c + c**3 - 6*c**2. Determine w(j).
8
Let o(c) = 5*c - 50. Let l = -877 + 889. Calculate o(l).
10
Let h(r) be the third derivative of -r**7/5040 + r**6/240 + r**5/10 - 8*r**2. Let d(v) be the third derivative of h(v). What is d(-4)?
7
Let k be -3 + 3*12/(-18). Let f(w) = -w**2 - w + 1. Give f(k).
-19
Let c be (-4 - (-1 - 1)) + 2. Let z be (15/5)/(c - -1). Let k(h) = 4*h + 3. Let a(g) = g + 1. Let q(p) = 2*a(p) - k(p). Give q(z).
-7
Let m = 409 + -414. Let h(b) = 2*b**2 + 6*b - 3. What is h(m)?
17
Let x(j) = -j**2 - 3*j + 2. Let w be x(-4). Let k be w - (1 + -3 + 6). Let h(f) be the first derivative of f**2/2 - 3*f - 3. What is h(k)?
-9
Let v(h) = 4*h**3 - 4*h**2 - 3*h + 1. Let n(l) = 5*l**3 - 3*l**2 - 2*l. Let z(m) = 5*n(m) - 6*v(m). Give z(-8).
-6
Let d(o) = 3*o - 3. Suppose 2*f + 11 = -4*p - 7, -22 = -2*f + 4*p. Let m be 0 + f + 4 + -3. Give d(m).
3
Let o(t) = -3*t**2 - 4*t + 2. Let y(f) = -f**3 - f. Let b(p) = -o(p) + 4*y(p). Let h be b(1). Let q(x) = -2*x. Determine q(h).
6
Suppose u = 5*u - 20. Let o(p) = 1. Let b(l) = l**3 - 6*l**2 + 5*l - 4. Suppose 0 = 2*d - 10 + 12. Let x(r) = d*b(r) - 2*o(r). Give x(u).
2
Let a(l) = -l**3 - 6*l**2 - 7*l - 4. Suppose -2*x + 5*p - 199 = 0, 0*x + 2*p + 192 = -2*x. Let q = 93 + x. What is a(q)?
-8
Suppose 9*l = 29 + 7. Let k(c) = -5*c + 4. What is k(l)?
-16
Let h(y) be the third derivative of -y**4/24 - y**3/6 - 4*y**2. Suppose -w + 3*q + 20 = -0*w, -4*w + 80 = -5*q. Suppose -w = -4*v - v. Give h(v).
-5
Let v(y) = 4*y + 1. Suppose 118*l + 81 = 109*l. Determine v(l).
-35
Let v(g) = -5*g + 3. Suppose -4 = q + z, 4 = -4*q + 5*q - 3*z. Determine v(q).
13
Suppose 3*s - 2*k = -s + 8, 0 = -2*s - 4*k + 4. Let r(g) = 4*g**2 - 3*g + 1. What is r(s)?
11
Let r(y) = 571479*y**2 - 571478*y**2 - 4 + y - 3*y. Give r(6).
20
Let g be (-1 + -6)/((-2)/(-2)). Let q(y) = -y**2 - 2*y - 13. Let w(n) = n**2 + n + 14. Let s(m) = -6*q(m) - 5*w(m). Calculate s(g).
8
Suppose b - 18 + 16 = 0. Let g(i) = -b + 3 + 0*i - 2*i + i. Suppose -w + 0 = 4, 20 = 4*n - 2*w. Calculate g(n).
-2
Let o(f) be the first derivative of 9*f**2/2 + 10. Determine o(4).
36
Let m(h) be the first derivative of -h**6/180 - h**5/60 + h**4/12 - 5*h**3/3 - 16. Let x(u) be the third derivative of m(u). Calculate x(-2).
-2
Let n be -8*(-2 - (-5)/4) + 1. Let m(s) be the first derivative of -s**2 + 8*s - 1. Determine m(n).
-6
Let v(w) = -175*w + 55*w - 2 + 47 + 4*w**2 - w**3 + 59*w + 58*w. What is v(5)?
5
Let m(k) = k - 14. Let i = 721 + -716. What is m(i)?
-9
Let m be -2 + -3 + 16/4 + 2. Let x(p) = -16*p**3 + 2*p - 1. Determine x(m).
-15
Let s(y) = 2324 + 4*y - 2316 - 2*y. What is s(-9)?
-10
Let s(f) be the third derivative of -f**5/60 + 2*f**3 + 12*f**2. Determine s(-6).
-24
Let s = 38 - 36. Let h(y) = 5*y**2 + 4*y**s + 1 + 2*y - 3*y + 3*y. Give h(-1).
8
Let d(k) = 12*k - 6 - 8 + 2. Let q(m) = -3*m + 3. Suppose -2*c - 4*z = -10, -3*c = -z - 74 + 24. Let i(w) = c*q(w) + 4*d(w). Calculate i(3).
6
Suppose -v + w - 5*w = -13, -2*v + 14 = 4*w. Let u be (-323)/(-85) - v/(-5). Let b(y) = 1 - u*y + 1 + 3*y. Determine b(3).
-1
Let j = -30 + 24. Suppose -3*b + 2*m + 2*m + 12 = 0, 4*b = -3*m + 41. Let k(p) = 5*p**2 - b*p - 4 + 4 - 7 + p**3. Give k(j).
5
Let i(u) = -11*u + 33. Let x(d) = -2*d + 2. Let v(j) = -i(j) + 6*x(j). What is v(0)?
-21
Suppose -y - 4 = 3*w, 2*w + 27 = 3*y - 2*w. Let z(n) = -n + 0*n - y - 1. Give z(-6).
0
Let b(f) be the third derivative of -f**8/6720 + f**7/504 + f**6/360 - 7*f**5/120 + f**4/6 + 19*f**2. Let i(c) be the second derivative of b(c). Calculate i(5).
3
Let o(j) be the second derivative of j**3/6 - 5*j**2/2 - 26*j. Suppose 4*v - t - 8 = 0, 8*v + t = 3*v + 10. Suppose x = 4 + v. What is o(x)?
1
Let v(x) = 2*x**2 - 8*x - 8. Let z(k) = k**2 - k - 1. Let w(u) = -v(u) + z(u). Let m(i) = -3*i**2 + 14*i + 15. Let r(s) = 2*m(s) - 5*w(s). Determine r(-7).
-5
Let o(p) be the third derivative of -p**6/120 - p**5/6 - 11*p**4/24 + p**3/3 + p**2 + 9. Calculate o(-8).
-38
Let j(h) = 7*h**3 + 17*h**2 - 14*h - 15. Let v(x) = 10*x**3 + 25*x**2 - 20*x - 22. Let y(g) = 7*j(g) - 5*v(g). Suppose 2 - 20 = 3*o. What is y(o)?
-7
Suppose -3*k - 68 = -2*h - 4*k, -4*k = -2*h + 68. Let x = h - 59. Let b = x + 21. Let q(i) = -i**2 + 3. Give q(b).
-13
Let i(o) be the second derivative of -1/20*o**5 - 5/12*o**4 - 2/3*o**3 + 16*o - 3/2*o**2 + 0. Give i(-5).
17
Let r(o) = -o - 20. Suppose -18 = 2*b + j, -2*b + j - 36 = 2*b. Let p = -6 + b. Calculate r(p).
-5
Let y(c) = c**2 - 8. Suppose -6*d = 68 - 68. Calculate y(d).
-8
Let k(w) = -w**3 - 8*w**2 + 19*w - 17. Suppose -41 = 23*x + 189. Determine k(x).
-7
Let h be 1 - (0 - 6 - (-1 - 6)). Let q(m) = -m**3 + m - 8. What is q(h)?
-8
Suppose 0 = -3*j - 3*i + 15, 0 + 9 = 3*i. Let p(b) = j - 4*b + 4*b - b - 4. Suppose -11 = -2*m - 1. Calculate p(m).
-7
Let o = -706 + 710. Let j(z) = -2*z**3 + 6*z**2 - 2*z + 4. Give j(o).
-36
Let r(t) = 7*t**3 - t + 10. Let a(v) = 6*v**3 - v + 9. Let b = 34 - 28. Let z(s) = b*a(s) - 5*r(s). Give z(0).
4
Let o(y) = -y**3 + 16*y**2 + 5*y + 20. Let j(x) = 5*x**3 - 63*x**2 - 22*x - 79. Let r(f) = 2*j(f) + 9*o(f). Calculate r(-18).
4
Suppose w - 13 = -0*w + 2*d, -15 = w + 5*d. Let l(t) = t**3 - 4*t - w*t + 0*t**2 - 6*t**2 + 4. What is l(7)?
-10
Let b(p) = 3 + 14 + 0*p - 5 - p + p**2 + 8. Let m(d) = d - 2. Let v be m(2). Give b(v).
20
Let h = 1690 - 1691. Let r(f) = f**2 - 9*f + 3. Let c(n) = n**2 - 4*n + 1. Let o(k) = -5*c(k) + 2*r(k). Give o(h).
-4
Let l(t) = -12*t**2 + 22 - 8043*t**3 - 5*t + 8044*t**3 + 3*t. What is l(12)?
-2
Suppose 32 = -7*z + 3*z. Let n be ((-3)/12)/(2/z). Let r(o) be the second derivative of -o**3 - o**2/2 - o. Determine r(n).
-7
Let a(f) be the second derivative of f**4/12 + 7*f**3/6 + 3*f**2/2 + f. Suppose 4*s = n + 16, 4*n + s + 27 = -3. Let z be (-13)/(-52) + 50/n. What is a(z)?
-3
Let p(v) = 7*v**2 + 153 - v**3 + 152 - 299 - 3*v + 2*v. Determine p(6).
36
Suppose 3*x = 8*x - 15. Let a be x + (2 - -4) + -2. Let u(d) = -d + 15. Determine u(a).
8
Let k(z) = -3*z - 70 + 57 + 4*z + 30. Calculate k(11).
28
Let h(y) = 4*y**3 + 2*y**2 + y + 1. Let x(m) = m**3 + m + 1. Let o(u) = h(u) - 3*x(u). Calculate o(-2).
2
Let m(d) = 56*d**3 + d**2 + d - 1. Let